ided by a(13)?
2
Suppose -36 = 96*d - 99*d. Let m(q) = -q**3 + 11*q**2 + 15*q - 2. Calculate the remainder when 134 is divided by m(d).
32
Let o = -6269 - -9165. What is the remainder when o is divided by 7?
5
Let l(a) = -42*a - 62. Let r(f) = -63*f - 92. Let n(u) = -7*l(u) + 5*r(u). Calculate the remainder when 89 is divided by n(-2).
9
Let q = 1093 + -1100. Let j(m) = -6*m - 9 - m + 3*m. What is the remainder when 94 is divided by j(q)?
18
Suppose 182 = 2*b + 4*a, 4*a - 14 = 2. Suppose -6 + 26 = 2*r + 4*i, -3*i + 27 = 3*r. What is the remainder when b is divided by r?
3
Suppose -30*s - 85*s + 13480 = 222*s. Let u = 0 - -22. What is the remainder when s is divided by u?
18
Suppose d - 167 = g - 11, -5*d + 2*g + 786 = 0. Let p = d - 125. Calculate the remainder when p is divided by 9.
6
Let u(b) = -2*b**2 - 178*b - 1254. What is the remainder when 372 is divided by u(-81)?
36
Let t = 18 - 14. Suppose 2*y - 3 = -y, t*s - 4*y - 68 = 0. Calculate the remainder when 240/s*9/2 is divided by 16.
12
Suppose 6140 = 11*a - 14419. Suppose a = 25*i - 4*i. Calculate the remainder when i is divided by 5.
4
Calculate the remainder when 805584/240 + 21/15 + -1 is divided by 21.
18
Suppose 0 = 6*w - 501 + 45. Let k(u) = u**3 - 8*u**2 - 8*u + 12. Calculate the remainder when w is divided by k(9).
13
Suppose 15 = 3*x - 3*f, 4*x + 2*f - 3*f = 14. What is the remainder when 129 is divided by (19/((-95)/x))/(1/(-25))?
9
Let w(q) = -q**3 - 12*q**2 + 2*q - 10. Let y be w(-10). Let x = 265 + y. What is the remainder when 206 is divided by x?
31
Suppose -14*r = -24*r + 5280. Suppose -6*q + r = -2*q. Calculate the remainder when q is divided by 7.
6
Let o = -97 + 101. Suppose -o*y - 84 = -6*y. Let f = 209 - 129. What is the remainder when f is divided by y?
38
Suppose 0 = -13*o + 41*o - 504. Let m(n) = n**2 - 3*n - 16. Let s be m(13). Let t = -10 + s. What is the remainder when t is divided by o?
14
Let u(y) = -y**2 + 122*y + 3070. Calculate the remainder when u(96) is divided by 38.
18
Let q(d) = 800*d + 4879. Let n = 99 - 68. What is the remainder when q(-6) is divided by n?
17
Let s = -68 + 70. Calculate the remainder when 139 is divided by (s - (1 - -4)) + (-2 - -33).
27
Let u = 253 + -187. Calculate the remainder when 70/5*113/2 is divided by u.
65
Let r = -6189 - -6201. What is the remainder when 857 is divided by r?
5
Let m be (11/3)/(31/93). Suppose i + z - 15 = m, 5*i - 142 = -z. Calculate the remainder when 260 is divided by i.
28
Let r(c) = 46*c**2 - 251*c + 1233. What is the remainder when r(5) is divided by 126?
120
Suppose -19*l + 25*l - 276 = 0. What is the remainder when 1423 is divided by l?
43
Suppose -183*z = -190*z + 350. Let y = -5 + 8. Suppose -2*b - 17 = -y*b. Calculate the remainder when z is divided by b.
16
Let c(r) = -1025*r - 8203. Calculate the remainder when c(-9) is divided by 10.
2
Let j(f) = 72*f + 121. Let l be j(6). Let u = l - 526. Calculate the remainder when u is divided by 5.
2
Suppose 19 - 14 = t. Suppose 10 = t*l + 30. Let a(b) = -b + 11. Calculate the remainder when 58 is divided by a(l).
13
Calculate the remainder when 5131 is divided by (-2790)/(-99) + 1 - (-2)/(-11).
27
Let q(p) = 2*p**2 + 4*p. Let d be (72/(-20))/(2/(-5)). Suppose g = b - 8, 0 = -d*g + 4*g - 2*b - 19. What is the remainder when 89 is divided by q(g)?
29
Suppose -149 = -l + a, l + 5*a = 60 + 41. Suppose 5 - 18 = -r. Suppose -5*h = -r - 12, -h + 201 = 4*t. Calculate the remainder when l is divided by t.
43
Suppose -7 - 11 = -2*a. Suppose 0 = 4*q - a*q + 5, 3*m + 4*q - 415 = 0. What is the remainder when m is divided by 28?
25
What is the remainder when (-44 + -43 - (-1 - 0))*-2 is divided by 28?
4
Let w = 124 - -1255. What is the remainder when w is divided by 20?
19
Let d(z) = z**3 - 7*z**2 - 21*z - 10. Let p be 17/5 + (-2)/5. Suppose p*v - 54 - 27 = 0. Calculate the remainder when d(10) is divided by v.
26
Let q be 10/5 + (3 + 339)/(-3). Let o = 114 + q. Calculate the remainder when (-3)/(-9) - 17/(-3) is divided by o.
0
Suppose 0 = 4*n + 1265 - 1333. What is the remainder when 37 is divided by ((-3)/(-6))/(n/578)?
3
Suppose 0 = 53*l - 26514 - 3537. Calculate the remainder when l is divided by 78.
21
Suppose 24 = n - 3*t, -14*t + 184 = 3*n - 9*t. Calculate the remainder when 73 is divided by n.
25
Let g = -115 - -117. What is the remainder when (-12996)/(-84) + g/7 is divided by 13?
12
Let s(t) = 7*t**2 - 171*t + 128. What is the remainder when 105 is divided by s(24)?
49
Let q(x) = 4*x**2 - 7*x + 5. Suppose -7*d + 10*d - 6 = 0. Let v = 2 + d. What is the remainder when q(v) is divided by 14?
13
Let q be (-1)/3 + 9550/75. Suppose 0 = -z + 5, q = 2*n + 2*z + z. What is the remainder when n is divided by 33?
23
What is the remainder when 501 is divided by 80563/714 - (0 + 3/(-18))?
49
Suppose -y + 2*j + 121 = 0, 631 = 5*y - 8*j + 11*j. What is the remainder when 497 is divided by y?
122
Suppose 943 = -22*o + 45*o. Suppose 3*r - 4*b + 34 = 0, -6*r + 4 = -4*r + 4*b. Calculate the remainder when o is divided by r*(-4)/156 + (-76)/(-13).
5
Let h(u) = 10*u**2 + 25*u - 92. Calculate the remainder when h(4) is divided by 165.
3
Let c = -3424 - -3689. Calculate the remainder when c is divided by 92.
81
Suppose 1 - 17 = -2*n. Let l = 41 + n. Let j = l + -28. Calculate the remainder when 41 is divided by j.
20
Let w be 155/3*1*3. Suppose x + 39 = c + 3*x, 2*x = -5*c + w. Let u(g) = -171*g**2 + 988*g + 283. What is the remainder when u(6) is divided by c?
26
Let t(z) = 651*z**2 + 105*z + 204. Calculate the remainder when t(-2) is divided by 26.
24
Let z = -281 - -281. Suppose z = -40*x + 17*x + 414. Let j = 15 + 55. Calculate the remainder when j is divided by x.
16
Let o(k) = -38*k + 77. Let y(n) = 37*n - 76. Let j(l) = 4*o(l) + 5*y(l). What is the remainder when 295 is divided by j(3)?
25
Calculate the remainder when 152/684 - ((-44504)/45 - 2/(-10)) is divided by 66.
65
Suppose y - 3*l - 136 = -y, 4*y - 2*l = 264. Suppose -y = -3*h + f, -h + f + 43 = h. Let g = 30 - h. Calculate the remainder when 30 is divided by g.
6
Let t = -16743 - -16858. What is the remainder when t is divided by 39?
37
Suppose -3*w + 9 = 0, -4*j + w + 474 = 3*w. What is the remainder when j is divided by 77?
40
Suppose -98*k + 95*k = -39. Let w be ((-20)/25)/((-3)/75). Let l = w + k. Calculate the remainder when 63 is divided by l.
30
Let i = 3 - 280. Suppose -l + 5*s - 16 = 0, -l - 2*s + 4 = -3*s. What is the remainder when i/(-11) + 40/22 + -2 is divided by l?
7
Let f(d) = 11*d - 223. Calculate the remainder when 471 is divided by f(22).
15
Let r(u) = 57*u + 259. What is the remainder when 283 is divided by r(0)?
24
Let d(b) = -23*b - 59. Let y(v) = 16*v - 4. Let a be y(0). What is the remainder when 97 is divided by d(a)?
31
Let j be ((-20)/(-16))/((-6)/(-288)). Suppose 3*r - j = b - 0*b, b = -2*r + 45. Suppose g - 18 = 63. What is the remainder when g is divided by r?
18
What is the remainder when 1905 is divided by 15/(-12) + ((-29964)/(-48) - -7)?
15
Let n(l) = 85*l**2 - 4*l - 6. Let u be n(-3). Suppose u = 16*q - 717. Suppose 4*c = j + c - q, 5 = -5*c. What is the remainder when j is divided by 31?
28
Suppose -2*n = t, 3*t - 114*n + 115*n = -15. What is the remainder when t*(436/(-8) + 7) is divided by 96?
93
Let j(b) = -18 + 100*b**2 + 22 - 3*b**2 - 4*b. What is the remainder when 300 is divided by j(1)?
9
Let g = -42400 - -42412. What is the remainder when 5*-59*(-4)/10 is divided by g?
10
Suppose -319*u + 318*u - 604 = -3*w, 4*w - 832 = -4*u. What is the remainder when w is divided by 67?
2
Let z = 21196 - 20655. Calculate the remainder when z is divided by 64.
29
Suppose 629 = 6*p - 277. What is the remainder when -151 + p + 2*110/4 is divided by 30?
25
Let c(l) = -82*l - 453. Calculate the remainder when 774 is divided by c(-8).
165
Let t = -107 - -255. Suppose t*a - 153*a = -330. Calculate the remainder when 130 is divided by a.
64
Let s(l) = -18*l - 24. Let g be s(-4). Let y = 52 - g. Suppose y*k - 2*x = 2*k + 200, 170 = 2*k + 4*x. Calculate the remainder when k is divided by 16.
15
Let m = 135 - 77. Suppose -x + m = 8. Suppose 2*l - x = 20. What is the remainder when 137 is divided by l?
32
Let g = 25 + -17. What is the remainder when 935 is divided by g?
7
Suppose 13 + 71 